{"id":916,"date":"2018-11-27T14:25:06","date_gmt":"2018-11-27T14:25:06","guid":{"rendered":"http:\/\/sp6wejherowo.pl\/?page_id=916"},"modified":"2018-11-27T19:29:40","modified_gmt":"2018-11-27T19:29:40","slug":"karty-elektroniczne","status":"publish","type":"page","link":"https:\/\/sp6wejherowo.pl\/?page_id=916","title":{"rendered":"Karty elektroniczne"},"content":{"rendered":"<p><span style=\"font-size: 12pt;\">Poni\u017cej zamieszczamy link do zamawiania kart dla uczni\u00f3w i rodzic\u00f3w.<\/span><\/p>\n<p><span style=\"font-size: 12pt;\">Karty s\u0105 op\u0142acane przez zamawiaj\u0105cego w momencie zam\u00f3wienia, nast\u0119pnie s\u0105 drukowane i przesy\u0142ane do sekretariatu szko\u0142y i tam mo\u017cliwe do odbioru.<\/span><\/p>\n<p><span style=\"font-size: 12pt;\"><a href=\"https:\/\/karty.syntio.pl\/wejherowo-6\"><strong><span style=\"color: #ff0000;\">LINK DO ZAMAWIANIA KART<\/span><\/strong><\/a><\/span><\/p>\n<p><span style=\"font-size: 12pt;\">Wszystkie karty jakie otrzymaj\u0105 Pa\u0144stwo od nas, s\u0105 ju\u017c wprowadzone do systemu i gotowe do u\u017cycia.<\/span><\/p>\n","protected":false},"excerpt":{"rendered":"<p>Poni\u017cej zamieszczamy link do zamawiania kart dla uczni\u00f3w i rodzic\u00f3w. Karty s\u0105 op\u0142acane przez zamawiaj\u0105cego w momencie zam\u00f3wienia, nast\u0119pnie s\u0105 drukowane i przesy\u0142ane do sekretariatu szko\u0142y i tam mo\u017cliwe do odbioru. LINK DO ZAMAWIANIA KART Wszystkie karty jakie otrzymaj\u0105 Pa\u0144stwo od nas, s\u0105 ju\u017c wprowadzone do systemu i gotowe do u\u017cycia.<\/p>\n","protected":false},"author":1,"featured_media":0,"parent":0,"menu_order":0,"comment_status":"closed","ping_status":"closed","template":"","meta":{"ngg_post_thumbnail":0,"footnotes":"","_links_to":"","_links_to_target":""},"class_list":["post-916","page","type-page","status-publish","hentry"],"_links":{"self":[{"href":"https:\/\/sp6wejherowo.pl\/index.php?rest_route=\/wp\/v2\/pages\/916","targetHints":{"allow":["GET"]}}],"collection":[{"href":"https:\/\/sp6wejherowo.pl\/index.php?rest_route=\/wp\/v2\/pages"}],"about":[{"href":"https:\/\/sp6wejherowo.pl\/index.php?rest_route=\/wp\/v2\/types\/page"}],"author":[{"embeddable":true,"href":"https:\/\/sp6wejherowo.pl\/index.php?rest_route=\/wp\/v2\/users\/1"}],"replies":[{"embeddable":true,"href":"https:\/\/sp6wejherowo.pl\/index.php?rest_route=%2Fwp%2Fv2%2Fcomments&post=916"}],"version-history":[{"count":4,"href":"https:\/\/sp6wejherowo.pl\/index.php?rest_route=\/wp\/v2\/pages\/916\/revisions"}],"predecessor-version":[{"id":921,"href":"https:\/\/sp6wejherowo.pl\/index.php?rest_route=\/wp\/v2\/pages\/916\/revisions\/921"}],"wp:attachment":[{"href":"https:\/\/sp6wejherowo.pl\/index.php?rest_route=%2Fwp%2Fv2%2Fmedia&parent=916"}],"curies":[{"name":"wp","href":"https:\/\/api.w.org\/{rel}","templated":true}]}}