{"id":105,"date":"2018-09-21T10:08:30","date_gmt":"2018-09-21T10:08:30","guid":{"rendered":"http:\/\/nowa.sp6wejherowo.pl\/Blog\/?page_id=105"},"modified":"2025-10-02T18:37:20","modified_gmt":"2025-10-02T18:37:20","slug":"pielegniarka-szkolna","status":"publish","type":"page","link":"https:\/\/sp6wejherowo.pl\/?page_id=105","title":{"rendered":"Piel\u0119gniarka szkolna"},"content":{"rendered":"<p style=\"text-align: center;\"><strong><span style=\"font-size: 12pt;\">Gabinet piel\u0119gniarki szkolnej<\/span><\/strong><\/p>\n<p style=\"text-align: center;\"><em><span style=\"font-size: 12pt;\">El\u017cbieta Dampc<\/span><\/em><\/p>\n<p style=\"text-align: center;\"><em><span style=\"font-size: 12pt;\">Brygida Krzy\u017canowska &#8211; Szreder<br \/>\n<\/span><\/em><\/p>\n<p style=\"text-align: center;\"><span style=\"font-size: 12pt;\">Godziny pracy piel\u0119gniarki w roku szkolnym 2025 \/ 2026<\/span><\/p>\n<p style=\"text-align: center;\"><span style=\"font-size: 12pt;\">Poniedzia\u0142ek &#8211; Pi\u0105tek: <strong>8.00 &#8211; 15.00<\/strong><\/span><\/p>\n","protected":false},"excerpt":{"rendered":"<p>Gabinet piel\u0119gniarki szkolnej El\u017cbieta Dampc Brygida Krzy\u017canowska &#8211; Szreder Godziny pracy piel\u0119gniarki w roku szkolnym 2025 \/ 2026 Poniedzia\u0142ek &#8211; Pi\u0105tek: 8.00 &#8211; 15.00<\/p>\n","protected":false},"author":1,"featured_media":0,"parent":0,"menu_order":0,"comment_status":"closed","ping_status":"closed","template":"","meta":{"ngg_post_thumbnail":0,"footnotes":"","_links_to":"","_links_to_target":""},"class_list":["post-105","page","type-page","status-publish","hentry"],"_links":{"self":[{"href":"https:\/\/sp6wejherowo.pl\/index.php?rest_route=\/wp\/v2\/pages\/105","targetHints":{"allow":["GET"]}}],"collection":[{"href":"https:\/\/sp6wejherowo.pl\/index.php?rest_route=\/wp\/v2\/pages"}],"about":[{"href":"https:\/\/sp6wejherowo.pl\/index.php?rest_route=\/wp\/v2\/types\/page"}],"author":[{"embeddable":true,"href":"https:\/\/sp6wejherowo.pl\/index.php?rest_route=\/wp\/v2\/users\/1"}],"replies":[{"embeddable":true,"href":"https:\/\/sp6wejherowo.pl\/index.php?rest_route=%2Fwp%2Fv2%2Fcomments&post=105"}],"version-history":[{"count":8,"href":"https:\/\/sp6wejherowo.pl\/index.php?rest_route=\/wp\/v2\/pages\/105\/revisions"}],"predecessor-version":[{"id":8205,"href":"https:\/\/sp6wejherowo.pl\/index.php?rest_route=\/wp\/v2\/pages\/105\/revisions\/8205"}],"wp:attachment":[{"href":"https:\/\/sp6wejherowo.pl\/index.php?rest_route=%2Fwp%2Fv2%2Fmedia&parent=105"}],"curies":[{"name":"wp","href":"https:\/\/api.w.org\/{rel}","templated":true}]}}